 is divided by 52.
43
Calculate the remainder when 4901 is divided by 182.
169
Calculate the remainder when 98 is divided by 58.
40
What is the remainder when 132 is divided by 45?
42
Calculate the remainder when 720 is divided by 153.
108
What is the remainder when 67 is divided by 21?
4
Calculate the remainder when 150 is divided by 38.
36
What is the remainder when 441 is divided by 90?
81
What is the remainder when 1476 is divided by 532?
412
What is the remainder when 2783 is divided by 154?
11
What is the remainder when 852 is divided by 19?
16
What is the remainder when 105 is divided by 49?
7
Calculate the remainder when 42703 is divided by 15.
13
What is the remainder when 12315 is divided by 113?
111
What is the remainder when 3311 is divided by 132?
11
Calculate the remainder when 2531 is divided by 842.
5
Calculate the remainder when 57 is divided by 14.
1
Calculate the remainder when 566 is divided by 32.
22
Calculate the remainder when 10211 is divided by 15.
11
Calculate the remainder when 151 is divided by 18.
7
What is the remainder when 2443 is divided by 72?
67
What is the remainder when 315 is divided by 8?
3
Calculate the remainder when 47577 is divided by 52.
49
What is the remainder when 238 is divided by 37?
16
Calculate the remainder when 568 is divided by 10.
8
Calculate the remainder when 4081 is divided by 4.
1
What is the remainder when 205 is divided by 30?
25
What is the remainder when 203 is divided by 115?
88
What is the remainder when 482 is divided by 22?
20
What is the remainder when 105 is divided by 100?
5
Calculate the remainder when 20 is divided by 16.
4
What is the remainder when 1447 is divided by 36?
7
Calculate the remainder when 448 is divided by 151.
146
What is the remainder when 1417 is divided by 458?
43
Calculate the remainder when 694 is divided by 296.
102
What is the remainder when 1143 is divided by 234?
207
What is the remainder when 77 is divided by 9?
5
Calculate the remainder when 811 is divided by 22.
19
Calculate the remainder when 31 is divided by 4.
3
What is the remainder when 146 is divided by 64?
18
Calculate the remainder when 19090 is divided by 172.
170
What is the remainder when 63 is divided by 44?
19
What is the remainder when 112 is divided by 36?
4
Calculate the remainder when 4202 is divided by 29.
26
What is the remainder when 290 is divided by 42?
38
Calculate the remainder when 983 is divided by 33.
26
Calculate the remainder when 3073 is divided by 81.
76
Calculate the remainder when 684 is divided by 49.
47
What is the remainder when 334 is divided by 123?
88
Calculate the remainder when 130 is divided by 113.
17
Calculate the remainder when 24 is divided by 12.
0
What is the remainder when 75 is divided by 50?
25
Calculate the remainder when 472 is divided by 308.
164
What is the remainder when 41 is divided by 34?
7
What is the remainder when 865 is divided by 819?
46
Calculate the remainder when 198 is divided by 128.
70
Calculate the remainder when 818 is divided by 265.
23
What is the remainder when 20 is divided by 7?
6
Calculate the remainder when 35 is divided by 18.
17
What is the remainder when 62 is divided by 29?
4
What is the remainder when 2353 is divided by 30?
13
What is the remainder when 31 is divided by 18?
13
What is the remainder when 796 is divided by 783?
13
Calculate the remainder when 2133 is divided by 89.
86
Calculate the remainder when 374 is divided by 61.
8
What is the remainder when 163 is divided by 37?
15
What is the remainder when 1464 is divided by 9?
6
Calculate the remainder when 188 is divided by 29.
14
What is the remainder when 654 is divided by 104?
30
What is the remainder when 827 is divided by 122?
95
What is the remainder when 6350 is divided by 17?
9
Calculate the remainder when 3024 is divided by 1.
0
Calculate the remainder when 1610 is divided by 147.
140
What is the remainder when 264 is divided by 30?
24
Calculate the remainder when 174 is divided by 4.
2
Calculate the remainder when 25319 is divided by 12.
11
Calculate the remainder when 220 is divided by 14.
10
What is the remainder when 101 is divided by 40?
21
Calculate the remainder when 339 is divided by 31.
29
What is the remainder when 1388 is divided by 1353?
35
What is the remainder when 4858 is divided by 2420?
18
What is the remainder when 23247 is divided by 25?
22
What is the remainder when 24 is divided by 18?
6
Calculate the remainder when 10735 is divided by 122.
121
What is the remainder when 2225 is divided by 733?
26
Calculate the remainder when 1190 is divided by 79.
5
What is the remainder when 975 is divided by 45?
30
What is the remainder when 2257 is divided by 58?
53
What is the remainder when 724 is divided by 66?
64
Calculate the remainder when 83 is divided by 29.
25
Calculate the remainder when 507 is divided by 28.
3
What is the remainder when 101 is divided by 46?
9
Calculate the remainder when 180 is divided by 23.
19
Calculate the remainder when 530 is divided by 308.
222
What is the remainder when 218 is divided by 39?
23
Calculate the remainder when 7190 is divided by 11.
7
What is the remainder when 198 is divided by 5?
3
Calculate the remainder when 130 is divided by 14.
4
What is the remainder when 51 is divided by 16?
3
What is the remainder when 251 is divided by 184?
67
What is the remainder when 213 is divided by 54?
51
What is the remainder when 135 is divided by 49?
37
What is the remainder when 875 is divided by 231?
182
Calculate the remainder when 547 is divided by 15.
7
Calculate the remainder when 117 is divided by 17.
15
Calculate the remainder when 543 is divided by 22.
15
Calculate the remainder when 148 is divided by 5.
3
Calculate the remainder when 2128 is divided by 44.
16
Calculate the remainder when 392 is divided by 18.
14
Calculate the remainder when 5553 is divided by 71.
15
Calculate the remainder when 542 is divided by 532.
10
What is the remainder when 1041 is divided by 298?
147
What is the remainder when 74 is divided by 20?
14
What is the remainder when 8437 is divided by 126?
121
Calculate the remainder when 634 is divided by 13.
10
What is the remainder when 5702 is divided by 13?
8
What is the remainder when 60 is divided by 23?
14
What is the remainder when 711 is divided by 13?
9
Calculate the remainder when 93 is divided by 27.
12
Calculate the remainder when 149 is divided by 4.
1
What is the remainder when 1457 is divided by 63?
8
Calculate the remainder when 274 is divided by 123.
28
What is the remainder when 1058 is divided by 53?
51
What is the remainder when 255 is divided by 71?
42
What is the remainder when 474 is divided by 53?
50
What is the remainder when 145 is divided by 93?
52
Calculate the remainder when 178 is divided by 41.
14
What is the remainder when 191 is divided by 37?
6
Calculate the remainder when 62 is divided by 32.
30
What is the remainder when 349 is divided by 37?
16
What is the remainder when 74 is divided by 8?
2
Calculate the remainder when 285 is divided by 13.
12
Calculate the remainder when 847 is divided by 37.
33
What is the remainder when 1663 is divided by 16?
15
What is the remainder when 80 is divided by 21?
17
Calculate the remainder when 206 is divided by 70.
66
What is the remainder when 1510 is divided by 42?
40
What is the remainder when 201 is divided by 63?
12
Calculate the remainder when 2526 is divided by 79.
77
What is the remainder when 145 is divided by 31?
21
Calculate the remainder when 979 is divided by 35.
34
Calculate the remainder when 491 is divided by 17.
15
What is the remainder when 54 is divided by 11?
10
What is the remainder when 586 is divided by 30?
16
What is the remainder when 25602 is divided by 59?
55
What is the remainder when 964 is divided by 17?
12
Calculate the remainder when 2181 is divided by 39.
36
Calculate the remainder when 1475 is divided by 12.
11
What is the remainder when 20979 is divided by 86?
81
Calculate the remainder when 2214 is divided by 42.
30
Calculate the remainder when 2083 is divided by 210.
193
Calculate the remainder when 1259 is divided by 141.
131
Calculate the remainder when 3876 is divided by 97.
93
What is the remainder when 203 is divided by 51?
50
What is the remainder when 106 